 2 - z - 5. Determine o(u).
-1
Let f(j) = -j + 1. Let u be f(-3). Suppose -b + 4*v = -7, 4*v = u*b + v + 11. Let y(h) = h**2 + 5*h - 6. Give y(b).
-6
Let d(u) = -3*u**3 - 7*u**2 + 2*u + 6. Let k(o) = 2*o**3 + 7*o**2 - o - 7. Let m(y) = -3*d(y) - 4*k(y). Determine m(7).
-4
Let a(r) = r**3 - 12*r**2 - r + 8. Let z(l) = -l**2. Let p(s) = a(s) - 6*z(s). Determine p(6).
2
Let w(u) = 6*u**3 - 3*u**2 - 3*u + 6. Let c(m) = 7*m**3 - 4*m**2 - 3*m + 7. Let n(t) = -5*c(t) + 6*w(t). Let s be (-1 + -5)*(-2)/(-4). Give n(s).
1
Let x(n) = 15*n - 12. Let i(c) = c - 1. Let k(j) = 12*i(j) - x(j). Determine k(2).
-6
Suppose -2*a - 18 = 5*q, -2*a + 16 + 6 = -5*q. Let k(j) = -a + 0*j + 0*j - j. Calculate k(-2).
1
Let t(f) = f**3 - 1. Let q be 0*1*(-2)/(-4). Suppose -27 = -5*b - 3*w, 2*w + 3*w = 2*b + 14. Suppose -4*i + i + b = q. Determine t(i).
0
Let t be (5 + 33/(-6))*0. Let w(d) = d**2 - d - 6. Give w(t).
-6
Suppose 0*s = -2*m + 4*s + 12, -2*m + 7 = -3*s. Let t(d) = -6*d + 3. Let a(v) = -7*v + 4. Let w(n) = -5*a(n) + 6*t(n). Give w(m).
2
Let v(k) = -k**2 + 0 + 1 + 0*k + 5*k + 0*k**2. Let t(z) = 2*z**2 - 16*z - 4. Let b(p) = -3*t(p) - 8*v(p). Calculate b(-5).
14
Let v(b) = -b**3 - 3*b**2 - 4*b - 4. Let f(p) = p - 12. Let w be f(9). Determine v(w).
8
Let q(x) = -7*x**3 - 2*x + 1. Let p(w) = w**2 + 6*w + 4. Let s be p(-8). Suppose -s = -6*d + 2*d. Suppose -d*a + n = -a - 1, -4*n + 12 = 0. Give q(a).
-8
Let k(w) be the second derivative of 1/2*w**4 + 1/20*w**5 - 3/2*w**3 - 5/2*w**2 - 8*w + 0. Give k(-7).
9
Let o(y) = 2*y**3 + 2*y**2 - 2*y. Suppose 0 = 4*d + 5*r + 12, r - 6 = -2. Let j be d/10*(-55)/(-22). Determine o(j).
-4
Let o(y) = -y**2 + 6*y - 1. Let u = 3 + 11. Suppose 16 = -4*c - 0*c, -2*a + c + u = 0. What is o(a)?
4
Let b(x) = x. Let z = -25 - -30. What is b(z)?
5
Let z(d) be the second derivative of d**5/20 - 5*d**4/12 - d**3 - 7*d**2/2 + 6*d. Determine z(6).
-7
Let h(o) = -6*o. Let j(v) = -5*v. Let w(q) = 6*h(q) - 7*j(q). Calculate w(0).
0
Suppose -5*x + 8 = -27. Let f be 165/(-35) + (-2)/x. Let z(a) = -a**3 - 6*a**2 - 5*a + 1. Determine z(f).
1
Let v(p) be the first derivative of -p**2/2 + p + 6. Let j(h) be the second derivative of -h**3/6 + h**2 + 2*h. Let r be j(-3). Determine v(r).
-4
Let m(u) = 3*u**2 + u + 2. Let p(h) = -h**3. Let d(q) = m(q) + p(q). Calculate d(4).
-10
Let j = 10 + 10. Suppose -m - j = 3*m. Let c(k) = k**3 + 6*k**2 + 5*k - 6. Calculate c(m).
-6
Let q(k) = -4*k + 3. Let a be (-14)/21*-3*1. Give q(a).
-5
Let r(u) = u - 1. Suppose 101 = 6*l - 3*l + 2*z, -l + z + 32 = 0. Suppose 0 = -5*j + l - 3. Suppose -3*c + 3 = -j. What is r(c)?
2
Let h(n) be the second derivative of -n**4/12 - n**3/6 + n**2/2 - 3*n. What is h(0)?
1
Let a(t) be the third derivative of 0*t - 1/60*t**5 + 0 - 1/12*t**4 + 0*t**3 + 5*t**2. Give a(-2).
0
Let b = -24 - -27. Let v(l) be the third derivative of -1/20*l**5 - 5/6*l**3 + 0 + 0*l - 1/24*l**4 + 1/120*l**6 - b*l**2. What is v(4)?
7
Let u(t) = 5*t**3 - t**2 + 2. Let n(g) = -6*g**3 + 2*g**2 - g - 2. Let q(f) = 4*n(f) + 5*u(f). Calculate q(-4).
2
Let s = 1 - 1. Let i(q) = s - 2*q + 0 - 1. Determine i(-4).
7
Suppose -4 = 3*q + 2*f, 3*f - 11 = 2*q + 6*f. Let x(h) be the first derivative of 0*h - 1/2*h**q - 2. Determine x(-2).
2
Let t be (-4)/(-3)*21/336. Let d(n) be the second derivative of 5/6*n**3 - n + 0 - t*n**4 + 0*n**2. What is d(5)?
0
Suppose w + 1 = 2*w. Let a(j) = -8*j. What is a(w)?
-8
Let b(w) be the second derivative of -w**4/12 + w**3/2 + 7*w**2/2 - 13*w. What is b(5)?
-3
Let z(y) be the second derivative of -y**4/12 + y**3/6 + 9*y**2/2 + 9*y. What is z(0)?
9
Let g(f) = -76*f**3 - 2*f**2 + f. Let l be g(1). Let z be (-11)/l + (-41)/(-7). Let s(i) = -i**3 + 5*i**2 + 7*i - 7. Determine s(z).
-1
Let z(k) = -4*k + 12. Let d(b) = 3*b - 10. Let w(j) = 3*d(j) + 2*z(j). Calculate w(7).
1
Suppose -5 = -4*u + 3*w, 0 = -0*u + u - 2*w. Let m(i) = u - 3*i + 5 - 3. Give m(3).
-5
Suppose 2*c + 4 = y, -5*y + 0*c - 4*c + 6 = 0. Let n(a) be the first derivative of a**3/3 - a**2/2 - 2*a + 5. Calculate n(y).
0
Suppose -9 = 2*m - 5*m. Suppose -2*l + 5*u = 4, -m*l - 4*u + 2 = -4*l. Let j(x) be the third derivative of x**4/12 + x**3/3 + 32*x**2. Calculate j(l).
-2
Let b(p) = 5 - 6 + 0*p**2 + p**2. Determine b(3).
8
Suppose -18 = -t + 5*b, 3*t - 3*b = 2 + 4. Let x be 1/((t/6)/(-1)). Let c(a) = x*a**2 - a - a**3 + 5*a - a**2 - 3. Determine c(3).
0
Let p(u) = 4*u**3 - u**2 - 2*u - 1. Suppose m + 3*z = -7, 0*z = z - 2. Let j = m + 12. Give p(j).
-4
Let g(x) be the second derivative of 0 - 5*x + 1/4*x**4 + 2/3*x**3 + 1/2*x**2 - 1/20*x**5. Calculate g(3).
13
Let t(l) be the second derivative of l**3/2 - l. Let i be ((-4)/3)/((-2)/3). Suppose d = 2, 0*d - 3*d = i*b - 4. Calculate t(b).
-3
Let d(y) = -y + 2. Let n(m) = -3*m**3 - 3*m**2 + m + 3. Let r be n(-1). Determine d(r).
0
Let c(h) = -h**3 + h**2 - h + 5. Let p(y) be the third derivative of y**5/60 - 5*y**4/12 - y**2. Suppose 0 = -7*u + 3*u + 40. Let o be p(u). Determine c(o).
5
Let v(f) = -5*f - 2. Let r be v(-1). Let c(y) = r + 3*y + y**2 - 2 + y. What is c(-5)?
6
Suppose -16 = -5*n + 7*n + 5*s, -6 = -n + s. Let w(t) = -3*t**2 - 2*t + 1. What is w(n)?
-15
Suppose -b + 2*b = 2. Let y(l) = 6 - 4*l + l - 3 + b*l**3. Give y(2).
13
Suppose -s = s. Suppose 6*y - 4*y = 0. Let u be (s - -1)*(y + -1). Let p(a) = -4*a**2 + a + 1. Determine p(u).
-4
Let c(b) = 0 - 92*b + 88*b + 0. What is c(-1)?
4
Let k(l) = -3*l**3 - 2*l**2 - l - 2. Let a(y) = 10*y**3 + 6*y**2 + 3*y + 7. Let z(r) = 2*a(r) + 7*k(r). Give z(-2).
2
Let f(s) = -s**3 - 6*s**2 + 5. Suppose 2 = -q + 3. Let u(j) = -5*j**2 - 2*j + 1. Let i be u(q). What is f(i)?
5
Let y(t) = -t**3 - t**2 + 4*t - 1. Let r be y(-3). Suppose r*a = -0*a + 10. Suppose -a*g + 4 = -3*g. Let d(n) = n**2 + 3*n. Calculate d(g).
4
Suppose 3*k + 5*r = 5*k - 24, -2*r - 18 = -5*k. Let s(n) = 2*n - 7. Let c be s(5). Let p(h) = 2*h**2 - 2 - h**2 - h**c + 2*h**2 - h. What is p(k)?
0
Suppose 3*q = 4*f + 22, 2*f = -5 - 3. Let b(y) be the third derivative of 0 + 1/120*y**6 - 3*y**q + 0*y - 11/6*y**3 + 1/24*y**4 - 1/60*y**5. Calculate b(0).
-11
Let g(j) = j**2 + j - 3. Suppose -w - 5 + 2 = 0. Let i(z) = -z**2 - 3*z - 3. Let r be i(w). Let v be g(r). Let u(c) = c**2 - 3*c - 3. Calculate u(v).
-3
Let w(c) = c**2 - 12*c - 5. Let v be w(12). Let m(g) = g**2 + 6*g - 6. Calculate m(v).
-11
Let u(s) = -10*s - s**2 - 76 + 38 + 38. Calculate u(-8).
16
Let x(u) = -u**3 + 5*u**2 + 5*u - 1. Suppose 0*f + f + 2*h = 8, -2*h = 4*f - 14. Let z be 13/f - 5/10. What is x(z)?
-7
Suppose 2*r - 6*r = 24. Let k(f) = -f**3 - 5*f**2 + 7*f + 1. Calculate k(r).
-5
Let p(q) = q**2 - q. Let y(i) = -1 - i - 7*i**2 - 1 + 1. Let u(n) = -5*p(n) - y(n). Give u(-4).
9
Let q(g) = g**2 - 4*g + 4. Suppose 0 = -l - 4*y - 9, -2*y + 0*y + 27 = 5*l. Let x be (32/(-56))/((-1)/l). Calculate q(x).
4
Suppose -2*x - 2 = 10. Let j = 3 + x. Let u(d) = 3*d - d - d + d**2 - 3. What is u(j)?
3
Let t(s) = -s + 7. Let u = 41 + -41. Give t(u).
7
Let m(t) = t**3 + t**2 + t - 4. Let l be (9/6)/(1/2). Suppose l*q + 11 + 1 = -3*n, 5*q - 20 = 5*n. What is m(q)?
-4
Let v(d) = -d**3 - 4*d**2 + 2*d + 2. Let o be v(-4). Let r be ((-1)/3)/((-2)/36). Let z(s) = r*s - 4*s**2 - s**3 - s**2 + 7 - 4. Give z(o).
3
Let k be (1/3)/((-2)/(-30)). Suppose 0 = -4*s - 2*l - 16, 5*l + 22 + 8 = -k*s. Let c(a) be the first derivative of a**3/3 + a**2 + 2*a - 1. Determine c(s).
2
Let q(r) be the first derivative of r**4/4 + 2*r**3 + 8*r - 11. What is q(-6)?
8
Let y(a) = -a**3 + 4*a**2 - 3*a + 4. Let m be y(3). Let r(j) = 5*j**2 + 1 - m*j**3 - 2 - 3*j + 3*j**3. Let q(d) = 2*d**2 - 6*d - 4. Let f be q(4). Give r(f).
3
Let s(p) = 2*p**2 - 7*p + 25. Let r(z) = -z**2 + 4*z - 12. Let l(y) = 9*r(y) + 4*s(y). Give l(7).
-1
Let c be (-3)/(9/(-2))*3. Let t(d) = 5*d**2 + 0*d - d**3 + 0*d**c - d**2 - d + 1. What is t(4)?
-3
Let d(y) = y - 2. Let q be d(1). Let r = 0 + 3. Let s(n) = 2*n**2 + 2*n + r*n**3 + 6*n**3 - n. What is s(q)?
-8
Let f(k) be the third derivative of -k**5/60 + k**4/8 - 2*k**3/3 + k**2. Suppose 3*x - 5*x = -8. Calculate f(x).
-8
Let v(f) = -f - 6. Let p be 6*(2 - 6 - -3). Give v(p).
0
Let r(j) = 6 + 12*j**2 - 14 - 5*j - 18*j**2 + 7*j**2. Determine r(6).
-2
Suppose -5*p = 4*x + 51, -2*p + 0*x = 2*x + 22. Let s(k) = k + 5. Let f be s(p)